945076?
9
What is the ten millions digit of 64881329?
6
What is the hundreds digit of 499987473?
4
What is the ten thousands digit of 561576816?
7
What is the ten thousands digit of 4902953628?
5
What is the tens digit of 65872277?
7
What is the hundred thousands digit of 62980186?
9
What is the thousands digit of 199514166?
4
What is the thousands digit of 443962612?
2
What is the hundreds digit of 13122074?
0
What is the tens digit of 1186315155?
5
What is the tens digit of 840345005?
0
What is the tens digit of 1176183972?
7
What is the ten thousands digit of 686685143?
8
What is the ten thousands digit of 114024750?
2
What is the units digit of 1064018169?
9
What is the hundred millions digit of 163787625?
1
What is the tens digit of 601307347?
4
What is the ten millions digit of 4716625859?
1
What is the hundred thousands digit of 296681467?
6
What is the ten thousands digit of 165477784?
7
What is the hundred millions digit of 1014450886?
0
What is the hundreds digit of 1415209307?
3
What is the hundred millions digit of 3207981160?
2
What is the units digit of 584215570?
0
What is the thousands digit of 2594004564?
4
What is the millions digit of 1422284155?
2
What is the thousands digit of 107376401?
6
What is the tens digit of 363466?
6
What is the units digit of 17279051?
1
What is the thousands digit of 8585367?
5
What is the millions digit of 73041095?
3
What is the millions digit of 382919506?
2
What is the thousands digit of 647145630?
5
What is the hundred millions digit of 414904772?
4
What is the units digit of 41309843?
3
What is the hundreds digit of 47301164?
1
What is the millions digit of 1225827339?
5
What is the tens digit of 77764009?
0
What is the hundred thousands digit of 121636850?
6
What is the ten thousands digit of 2668267485?
6
What is the hundred thousands digit of 86740176?
7
What is the hundred thousands digit of 368037392?
0
What is the hundred millions digit of 808912007?
8
What is the thousands digit of 139599252?
9
What is the ten millions digit of 125875002?
2
What is the hundred thousands digit of 817971916?
9
What is the millions digit of 397802678?
7
What is the millions digit of 253652147?
3
What is the hundred thousands digit of 562532983?
5
What is the hundred thousands digit of 9395656574?
6
What is the tens digit of 204218259?
5
What is the hundreds digit of 5584976?
9
What is the hundred thousands digit of 807719608?
7
What is the hundred millions digit of 2309989882?
3
What is the ten thousands digit of 234734351?
3
What is the millions digit of 5034265469?
4
What is the units digit of 6776804?
4
What is the thousands digit of 370662008?
2
What is the hundreds digit of 71495096?
0
What is the hundred millions digit of 144006803?
1
What is the tens digit of 167293083?
8
What is the tens digit of 102544016?
1
What is the hundred thousands digit of 54325319?
3
What is the ten thousands digit of 2664019198?
1
What is the thousands digit of 34241010?
1
What is the hundred thousands digit of 60781395?
7
What is the thousands digit of 25351493?
1
What is the ten thousands digit of 286925329?
2
What is the ten millions digit of 19314923?
1
What is the hundred millions digit of 4188540942?
1
What is the millions digit of 852289601?
2
What is the hundred millions digit of 175444700?
1
What is the tens digit of 69712249?
4
What is the thousands digit of 20792601?
2
What is the tens digit of 1844015332?
3
What is the ten millions digit of 16926302?
1
What is the tens digit of 108551311?
1
What is the millions digit of 14773946?
4
What is the hundred millions digit of 210213668?
2
What is the millions digit of 359021244?
9
What is the thousands digit of 88369333?
9
What is the ten thousands digit of 408382173?
8
What is the hundreds digit of 87218022?
0
What is the hundreds digit of 2510004348?
3
What is the thousands digit of 325551001?
1
What is the millions digit of 88707585?
8
What is the thousands digit of 322038054?
8
What is the hundred millions digit of 652582242?
6
What is the hundreds digit of 223680?
6
What is the millions digit of 47700892?
7
What is the tens digit of 329159164?
6
What is the millions digit of 343024804?
3
What is the millions digit of 848449322?
8
What is the tens digit of 87480337?
3
What is the ten thousands digit of 49359264?
5
What is the hundred thousands digit of 1457120555?
1
What is the ten millions digit of 32973917?
3
What is the hundred millions digit of 4309226555?
3
What is the units digit of 526371432?
2
What is the hundred thousands digit of 147461986?
4
What is the tens digit of 109940488?
8
What is the tens digit of 3142733404?
0
What is the hundred thousands digit of 205776737?
7
What is the ten millions digit of 431603999?
3
What is the units digit of 188252282?
2
What is the millions digit of 80320145?
0
What is the units digit of 190094981?
1
What is the units digit of 57851201?
1
What is the tens digit of 1201364208?
0
What is the hundreds digit of 22604725?
7
What is the ten millions digit of 935036151?
3
What is the hundreds digit of 430239949?
9
What is the billions digit of 4014630623?
4
What is the ten millions digit of 578330704?
7
What is the tens digit of 5899916984?
8
What is the hundreds digit of 5790831516?
5
What is the hundreds digit of 161650929?
9
What is the thousands digit of 240295545?
5
What is the thousands digit of 20082336?
2
What is the units digit of 801748251?
1
What is the thousands digit of 1463085033?
5
What is the units digit of 77394200?
0
What is the ten thousands digit of 224317908?
1
What is the thousands digit of 106896273?
6
What is the tens digit of 1112831710?
1
What is the ten thousands digit of 2556338754?
3
What is the units digit of 322539076?
6
What is the ten millions digit of 874628215?
7
What is the hundred thousands digit of 2880708078?
7
What is the thousands digit of 143190992?
0
What is the millions digit of 367002052?
7
What is the ten millions digit of 38066055?
3
What is the ten thousands digit of 56310569?
1
What is the hundreds digit of 589930216?
2
What is the millions digit of 46125203?
6
What is the thousands digit of 7117037?
7
What is the hundreds digit of 62683937?
9
What is the hundred millions digit of 221073213?
2
What is the ten thousands digit of 1060702907?
0
What is the tens digit of 257130400?
0
What is the billions digit of 2508678819?
2
What is the units digit of 1465897905?
5
What is the hundred millions digit of 6102104908?
1
What is the ten thousands digit of 6125173?
2
What is the units digit of 181604753?
3
What is the tens digit of 61917550?
5
What is the hundred millions digit of 4640623515?
6
What is the tens digit of 196074496?
9
What is the units digit of 2591206?
6
What is the millions digit of 26376933?
6
What is the hundreds digit of 223591021?
0
What is the hundred thousands digit of 938573748?
5
What is the hundreds digit of 130828448?
4
What is the hundred thousands digit of 32943882?
9
What is the millions digit of 4217947119?
7
What is the hundred thousands digit of 192552652?
5
What is the thousands digit of 33671733?
1
What is the tens digit of 42479619?
1
What is the hundreds digit of 10644920?
9
What is the units digit of 2737235302?
2
What is the units digit of 787613877?
7
What is the ten millions digit of 1924634743?
2
What is the millions digit of 131435506?
1
What is the units digit of 33782108?
8
What is the ten thousands digit of 435136446?
3
What is the ten millions digit of 21513811?
2
What is the units digit of 62609403?
3
What is the hundred thousands digit of 6749845994?
8
What is the ten millions digit of 59274685?
5
What is the units digit of 1221399382?
2
What is the hundred thousands digit of 98926510?
9
What is the thousands digit of 59211710?
1
What is the units digit of 581231937?
7
What is the millions digit of 38527869?
8
What is the ten thousands digit of 591907258?
0
What is the hundreds digit of 245611338?
3
What is the hundred thousands digit of 157983209?
9
What is the units digit of 3137556832?
2
What is the hundred thousands digit of 1438623181?
6
What is the hundred millions digit of 197952738?
1
What is the units digit of 29345405?
5
What is the ten thousands digit of 713141614?
4
What is the units digit of 77880328?
8
What is the